Suppose 11*f - 210 = 28*f - 703. Suppose 0 = -4*v + 4*k + 208, 0 = v - 2*v + 5*k + 36. What is the remainder when v is divided by f?
27
Suppose 9 = -3*d - 6, -4*x - 3*d + 33 = 0. Calculate the remainder when 46 is divided by x.
10
Let u = -62 - -75. Calculate the remainder when 74 is divided by u.
9
Suppose 0 = -5*f + 2 + 8. Let c be f + -1 - 1*-2. Suppose 3*t + 5 = 3*a + 2*t, c*t - 7 = -2*a. Calculate the remainder when 3 is divided by a.
1
Let k = 7 - 5. Suppose -2*u = 2*j - 2, -u = -k*j + 3*u + 26. Let m(n) = -n**3 + 6*n**2 - 5*n + 1. What is the remainder when 1 is divided by m(j)?
0
Let l = 30 - 17. Suppose 8*y - y = -21. Let g(m) = -m**2 - 6*m - 4. Calculate the remainder when l is divided by g(y).
3
Calculate the remainder when (-4)/3 - (-8 + (-970)/30) is divided by 20.
19
Suppose -12 = -4*d - 0. Suppose d = -b + 7. Suppose -b*f = -5*z - 43, -f + 4*z - 2 = -3*f. Calculate the remainder when f is divided by 5.
2
Suppose 3*o = -o - 5*q + 2342, -4*q = 4*o - 2344. What is the remainder when o is divided by 148?
144
Suppose 0 = 2*r + 2*w + 2*w - 8, -5*r = -w - 9. Suppose 6*i = -r*i + 1216. Calculate the remainder when i is divided by 17.
16
Let o(i) = i**2 - i + 1. Let f be o(2). Let t be -2 + (3 - f) - -34. Suppose -t + 12 = -2*r. Calculate the remainder when 47 is divided by r.
7
Let b(u) = -u**3 - 4*u**2 + 7*u + 9. Let r = -20 + 18. Let i be r/15 - 1232/210. Calculate the remainder when b(i) is divided by 10.
9
What is the remainder when 197 is divided by -12 - (-324)/3 - -6?
95
Let w be (-1 + -4 + (2 - 2))*-1. Suppose 0*y + 785 = w*y. What is the remainder when y is divided by 20?
17
Let g(w) = -w**3 - 9*w**2 - 2*w + 7. Let c be g(-6). Let t be 30/(-40) + c/4. Let f = t + 35. Calculate the remainder when 21 is divided by f.
9
Let p(m) = m**3 - 12*m**2 - 12*m - 14. Let v be p(13). Let t(k) = 6*k + 1. Let x be t(v). Calculate the remainder when ((-3)/x)/((-2)/(-30)) is divided by 2.
1
Suppose 3*t + 105 = 3*m, 2*m - t = -2*t + 73. What is the remainder when 73 is divided by m?
1
Let t = -3 - -7. Suppose j = -5*l + 29, -57 = t*j - 7*j - 5*l. What is the remainder when 69 is divided by j?
13
Let l = 62 + -56. Suppose -3*y - 4*d + 26 = -5*d, -24 = -4*y + 4*d. What is the remainder when y is divided by l?
4
Suppose -12 = -4*q + 2*q. Let g = 11 - 1. Calculate the remainder when g is divided by q.
4
Let u(h) = 3*h + 21. Calculate the remainder when 8 is divided by u(-6).
2
Suppose 34 + 46 = y. Suppose 60 = 3*j - 3*f, 4*j - 4*f - y = -3*f. Calculate the remainder when 36 is divided by j.
16
Suppose r = -4*r - 5. What is the remainder when (r - 0)/(7/(-196)) is divided by 18?
10
Let n be 1 - 18/24 - (-43)/4. Suppose n*g = 7*g + 116. Let j = 7 - -1. Calculate the remainder when g is divided by j.
5
Let l = 26 + 0. Suppose 5*b - l + 1 = 0. Suppose -b*x = -3*x - 2*q - 16, -3*q + 54 = 3*x. What is the remainder when x is divided by 5?
3
Suppose -2*i + 4 = 3*n - 31, n = -2*i + 13. What is the remainder when 30 is divided by n?
8
Let u = 1940 + -1889. Calculate the remainder when 140 is divided by u.
38
Suppose 11*y = 15 + 7. Calculate the remainder when 32 is divided by y.
0
Let f = -8 + 10. Suppose 0 = -0*j - f*j + 90. Calculate the remainder when 1/4 + j/12 is divided by 3.
1
Let a(h) = 2*h**3 - 64*h + 72*h - 5 + 8*h**2 - 3*h**3. Suppose 0 = -4*l - 0*l + 32. What is the remainder when a(l) is divided by 20?
19
Let l = -349 - -458. What is the remainder when l is divided by 46?
17
Let g(z) = 10*z + 727. Calculate the remainder when 811 is divided by g(-69).
34
Let y = 980 + -332. What is the remainder when y is divided by 59?
58
Calculate the remainder when 29 is divided by 14 - (-4 + (-16)/(-2)).
9
Suppose -19*u + 1458 = -u. Calculate the remainder when 61 is divided by ((-2)/3)/((-6)/u).
7
Let f = 239 + -168. Suppose -2*u - 5*t = -11, -u - 1 = 2*t - 7. What is the remainder when f is divided by u?
7
Suppose 169 + 161 = 6*l. Calculate the remainder when l is divided by 8.
7
Let x(n) = 2*n + 19. Let o be x(-9). Let r(h) = 12*h + 2. What is the remainder when 25 is divided by r(o)?
11
Let j be 8*1*5*4/40. Suppose -j*t = -4*m - t + 16, 0 = 4*t. Let n(y) = 11*y**2 - y + 1. What is the remainder when n(1) is divided by m?
3
Let w = 13 + -4. Let q = w + -5. Let u = q + 34. What is the remainder when 150 is divided by u?
36
Let v = -1899 + 2283. Calculate the remainder when v is divided by 35.
34
Let z(d) = -d**3 - 7*d**2 + 16*d - 9. Suppose 0 = 2*u - u - 79. Suppose 3*f - 53 - u = 0. What is the remainder when f is divided by z(-9)?
8
Let o(n) = -n**3 + 7*n**2 - n - 14. Calculate the remainder when 185 is divided by o(5).
30
Suppose -7*c + 19 = -16. Let b(z) = 7*z - 27. Calculate the remainder when 19 is divided by b(c).
3
Suppose -2*v - 47 = -57. Suppose d = -4*k + 11 + 21, 55 = v*k + 5*d. Calculate the remainder when 27 is divided by k.
6
Suppose 5 = -5*m, 0*m + 8 = -4*a + 4*m. Let v = 0 + 10. What is the remainder when v is divided by a - (1/(-1) + -8)?
4
Suppose 5*z - 1045 = -4*t - 193, 0 = 3*z - 5*t - 489. Suppose -26*x = -19*x - z. Calculate the remainder when x is divided by 14.
10
Let k(a) = 6*a**2 + 8*a + 125. What is the remainder when k(-7) is divided by 74?
67
Let h = 600 - 586. Calculate the remainder when h is divided by 9.
5
Let q(p) = -2*p**2 + 7*p - 4. Let l be q(6). Let y = 58 + l. Let u = y - -15. Calculate the remainder when u is divided by 20.
19
Suppose 3*r + 5*k = 69, 5*k = 5*r + 2*k - 149. Let n(f) = f**3 - 5*f**2 - 4*f + 4. Let s be n(5). Let g = s + r. Calculate the remainder when g is divided by 8.
4
Let v(r) = -7*r - 6*r + 0*r + 5*r - 5. Calculate the remainder when v(-8) is divided by 16.
11
Suppose 2*d = -d + 9. Suppose y = 2*s, d*s - 8 - 6 = -2*y. Suppose 3*x + y*i = 31, 2*x + 4*i + 41 = 7*x. Calculate the remainder when 24 is divided by x.
6
Let q(g) = 6*g**2 + g + 5. Let o be q(-2). Suppose -o*k + 114 = -24*k. What is the remainder when 149 is divided by k?
35
Let h(j) = j**2 + 6*j - 11. Let p be h(-8). What is the remainder when 51 is divided by p/(20/(-8)) - -11?
6
Let l be 1 - 2 - (-1)/(-1). Suppose 0 = -9*i + 13 + 5. What is the remainder when 8 is divided by (3/l)/(i/(-4))?
2
Let q(n) = 2*n**2 - 4*n - 4. Let b be q(4). Let z(u) = -u**2 + 16*u - 4. Let c = -45 + 60. What is the remainder when z(b) is divided by c?
14
Let k be -1*2/((-2)/(-1)). Let o = k + 13. What is the remainder when 57 is divided by o?
9
Let g = 4656 + -4633. What is the remainder when 0/(4/2) + 63 is divided by g?
17
Suppose 0*n = -n + 12. Let w be 4/(-8)*(-1 + 5). What is the remainder when (-3)/((30/235)/w) is divided by n?
11
What is the remainder when (6/7)/(1332/441 + -3) is divided by 21?
0
Let f = 13 + 39. Suppose -4*s + 4*o = 4, 4*s = -4*o - 12 + 32. Let x(t) = 9*t. Calculate the remainder when f is divided by x(s).
16
Suppose -5*d + 0*p + p = -59, -29 = -3*d - p. Suppose o + 5*u = 60, 2*o = -3*u + 124 - 11. Let i = 87 - o. Calculate the remainder when i is divided by d.
10
Let t(r) = -r**2 + 4*r + 3. Let u be t(3). Suppose 108 = 4*h + 2*h. Calculate the remainder when 16/12 - (-172)/u is divided by h.
12
Let z(q) = -3*q - 4. Let v = -124 + 113. What is the remainder when z(v) is divided by 11?
7
What is the remainder when 159 is divided by -13 - (-10 + -2) - (-41 - 1)?
36
Let o(c) = -7*c**2 + 22 - 2*c + 5*c**2 + 3*c**2 + 3*c. What is the remainder when o(0) is divided by 9?
4
Suppose -y - 105 = -0*y. Calculate the remainder when ((-6)/2)/(45/y) is divided by 2.
1
Suppose -4*d = 14 + 82. Let b = -8 - d. Let w(i) = -i + 4. Calculate the remainder when b is divided by w(-5).
7
Let m(z) = -12*z + 19. Let u(c) = 25*c - 39. Let l(i) = -13*m(i) - 6*u(i). Calculate the remainder when 48 is divided by l(5).
14
Let a(h) = 2*h + 12. Suppose -4*t + r = -7, 3*t + 8 = 6*t + 2*r. Let d = t + 6. What is the remainder when a(9) is divided by d?
6
Let s be 4/2 - (-48)/12. Calculate the remainder when 26/(-3)*((-2 - 7) + s) is divided by 9.
8
Suppose -4*y = -m + 31 - 10, -y = -3*m + 19. Suppose 2*g - 44 = g + 3*k, m*g - 2*k = 181. What is the remainder when 138 is divided by g?
33
Let f = -19 + 18. Let h be f + 3 - (3 - 1). What is the remainder when 56 is divided by 1 + -2 + (h - -16)?
11
Let x be 33/6*(-3 - -17). Suppose 3 + x = 5*u. What is the remain